{"id":987975,"date":"2025-10-11T11:18:13","date_gmt":"2025-10-11T09:18:13","guid":{"rendered":"https:\/\/peletysumperk.cz\/?page_id=987975"},"modified":"2025-12-06T14:48:37","modified_gmt":"2025-12-06T13:48:37","slug":"topne-pelety-enplus-a1","status":"publish","type":"page","link":"https:\/\/peletysumperk.cz\/?page_id=987975","title":{"rendered":"Pelety &#8211; ENVITECH A1 Special"},"content":{"rendered":"\t\t<div data-elementor-type=\"wp-page\" data-elementor-id=\"987975\" class=\"elementor elementor-987975\" data-elementor-post-type=\"page\">\n\t\t\t\t<div class=\"elementor-element elementor-element-48083dc e-con-full e-flex e-con e-parent\" data-id=\"48083dc\" data-element_type=\"container\">\n\t\t\t\t<div class=\"elementor-element elementor-element-09d6b32 elementor-widget elementor-widget-heading\" data-id=\"09d6b32\" data-element_type=\"widget\" data-widget_type=\"heading.default\">\n\t\t\t\t\t<h2 class=\"elementor-heading-title elementor-size-default\">Pelety - ENVITECH A1 Special<\/h2>\t\t\t\t<\/div>\n\t\t\t\t<div class=\"elementor-element elementor-element-5c17483 elementor-widget elementor-widget-image\" data-id=\"5c17483\" data-element_type=\"widget\" data-widget_type=\"image.default\">\n\t\t\t\t\t\t\t\t\t\t\t\t\t\t\t<img fetchpriority=\"high\" decoding=\"async\" width=\"768\" height=\"1024\" src=\"https:\/\/peletysumperk.cz\/wp-content\/uploads\/2025\/12\/pelety_envitechspecial-768x1024.jpg\" class=\"attachment-large size-large wp-image-988203\" alt=\"\" srcset=\"https:\/\/peletysumperk.cz\/wp-content\/uploads\/2025\/12\/pelety_envitechspecial-768x1024.jpg 768w, https:\/\/peletysumperk.cz\/wp-content\/uploads\/2025\/12\/pelety_envitechspecial-225x300.jpg 225w, https:\/\/peletysumperk.cz\/wp-content\/uploads\/2025\/12\/pelety_envitechspecial.jpg 960w\" sizes=\"(max-width: 768px) 100vw, 768px\" \/>\t\t\t\t\t\t\t\t\t\t\t\t\t\t\t<\/div>\n\t\t\t\t<div class=\"elementor-element elementor-element-865e4ba elementor-widget__width-initial elementor-widget elementor-widget-text-editor\" data-id=\"865e4ba\" data-element_type=\"widget\" data-widget_type=\"text-editor.default\">\n\t\t\t\t\t\t\t\t\t<p>Pelety Special vyr\u00e1b\u00edme v\u00fdhradn\u011b\u00a0<strong>z chemicky neo\u0161et\u0159en\u00fdch zbytk\u016f d\u0159eva<\/strong>\u00a0a nep\u0159id\u00e1v\u00e1me\u00a0<strong>\u017e\u00e1dn\u00e1 chemick\u00e1 pojiva<\/strong>, a proto je mo\u017en\u00e9 popel t\u011bchto pelet pou\u017e\u00edt jako p\u0159\u00edrodn\u00ed hnojivo. Z\u00e1kazn\u00edky \u010dasto sledovan\u00fdm parametrem\u00a0<strong>barva pelet<\/strong>. My \u0159\u00edk\u00e1me, \u017ee kvalita pelet nez\u00e1vis\u00ed na jejich barv\u011b. Barva b\u00fdv\u00e1 ovlivn\u011bna druhem, st\u00e1\u0159\u00edm vstupn\u00edho materi\u00e1lu a zp\u016fsobem jej\u00edho su\u0161en\u00ed (tepl\u00fd vzduch, kou\u0159).<\/p>\t\t\t\t\t\t\t\t<\/div>\n\t\t\t\t<\/div>\n\t\t<div class=\"elementor-element elementor-element-cfd93d6 e-flex e-con-boxed e-con e-parent\" data-id=\"cfd93d6\" data-element_type=\"container\">\n\t\t\t\t\t<div class=\"e-con-inner\">\n\t\t\t\t<div class=\"elementor-element elementor-element-4a759b0 elementor-widget-divider--view-line elementor-widget elementor-widget-divider\" data-id=\"4a759b0\" data-element_type=\"widget\" data-widget_type=\"divider.default\">\n\t\t\t\t\t\t\t<div class=\"elementor-divider\">\n\t\t\t<span class=\"elementor-divider-separator\">\n\t\t\t\t\t\t<\/span>\n\t\t<\/div>\n\t\t\t\t\t\t<\/div>\n\t\t\t\t\t<\/div>\n\t\t\t\t<\/div>\n\t\t<div class=\"elementor-element elementor-element-f7be9d0 elementor-invisible animated-fast e-flex e-con-boxed e-con e-child\" data-id=\"f7be9d0\" data-element_type=\"container\" data-settings=\"{&quot;animation&quot;:&quot;fadeIn&quot;,&quot;animation_delay&quot;:50}\">\n\t\t\t\t\t<div class=\"e-con-inner\">\n\t\t<div class=\"elementor-element elementor-element-000f10e e-con-full e-flex e-con e-child\" data-id=\"000f10e\" data-element_type=\"container\">\n\t\t\t\t<div class=\"elementor-element elementor-element-41187d6 elementor-widget elementor-widget-heading\" data-id=\"41187d6\" data-element_type=\"widget\" data-widget_type=\"heading.default\">\n\t\t\t\t\t<div class=\"elementor-heading-title elementor-size-default\">100<span class=\"color-accent-4\">%<\/span><\/div>\t\t\t\t<\/div>\n\t\t\t\t<div class=\"elementor-element elementor-element-0166668 elementor-widget elementor-widget-heading\" data-id=\"0166668\" data-element_type=\"widget\" data-widget_type=\"heading.default\">\n\t\t\t\t\t<span class=\"elementor-heading-title elementor-size-default\">p\u0159\u00edrodn\u00ed borovicov\u00e9 d\u0159evo<\/span>\t\t\t\t<\/div>\n\t\t\t\t<\/div>\n\t\t<div class=\"elementor-element elementor-element-febb637 e-con-full e-flex e-con e-child\" data-id=\"febb637\" data-element_type=\"container\">\n\t\t\t\t<div class=\"elementor-element elementor-element-cbc2ae6 elementor-widget elementor-widget-heading\" data-id=\"cbc2ae6\" data-element_type=\"widget\" data-widget_type=\"heading.default\">\n\t\t\t\t\t<div class=\"elementor-heading-title elementor-size-default\"><span class=\"color-accent-4\"> A1  <\/span><\/div>\t\t\t\t<\/div>\n\t\t\t\t<div class=\"elementor-element elementor-element-1e7f685 elementor-widget elementor-widget-heading\" data-id=\"1e7f685\" data-element_type=\"widget\" data-widget_type=\"heading.default\">\n\t\t\t\t\t<span class=\"elementor-heading-title elementor-size-default\">Certifikace<\/span>\t\t\t\t<\/div>\n\t\t\t\t<\/div>\n\t\t<div class=\"elementor-element elementor-element-08fcd3b e-con-full e-flex e-con e-child\" data-id=\"08fcd3b\" data-element_type=\"container\">\n\t\t\t\t<div class=\"elementor-element elementor-element-dfaec19 elementor-widget elementor-widget-heading\" data-id=\"dfaec19\" data-element_type=\"widget\" data-widget_type=\"heading.default\">\n\t\t\t\t\t<div class=\"elementor-heading-title elementor-size-default\">17,74 <span class=\"color-accent-4\">MJ\/kg  <\/span><\/div>\t\t\t\t<\/div>\n\t\t\t\t<div class=\"elementor-element elementor-element-e4fb426 elementor-widget elementor-widget-heading\" data-id=\"e4fb426\" data-element_type=\"widget\" data-widget_type=\"heading.default\">\n\t\t\t\t\t<span class=\"elementor-heading-title elementor-size-default\">V\u00fdh\u0159evnost<\/span>\t\t\t\t<\/div>\n\t\t\t\t<\/div>\n\t\t<div class=\"elementor-element elementor-element-8745657 e-con-full e-flex e-con e-child\" data-id=\"8745657\" data-element_type=\"container\">\n\t\t\t\t<div class=\"elementor-element elementor-element-161f02e elementor-widget elementor-widget-heading\" data-id=\"161f02e\" data-element_type=\"widget\" data-widget_type=\"heading.default\">\n\t\t\t\t\t<div class=\"elementor-heading-title elementor-size-default\">Minim\u00e1ln\u00ed<\/div>\t\t\t\t<\/div>\n\t\t\t\t<div class=\"elementor-element elementor-element-d67e2e8 elementor-widget elementor-widget-heading\" data-id=\"d67e2e8\" data-element_type=\"widget\" data-widget_type=\"heading.default\">\n\t\t\t\t\t<span class=\"elementor-heading-title elementor-size-default\">Popel<\/span>\t\t\t\t<\/div>\n\t\t\t\t<\/div>\n\t\t<div class=\"elementor-element elementor-element-c146040 e-con-full e-flex e-con e-child\" data-id=\"c146040\" data-element_type=\"container\">\n\t\t\t\t<div class=\"elementor-element elementor-element-242c206 elementor-widget elementor-widget-heading\" data-id=\"242c206\" data-element_type=\"widget\" data-widget_type=\"heading.default\">\n\t\t\t\t\t<div class=\"elementor-heading-title elementor-size-default\">960,-  K\u010d \/ q<\/div>\t\t\t\t<\/div>\n\t\t\t\t<div class=\"elementor-element elementor-element-15fc2de elementor-widget elementor-widget-heading\" data-id=\"15fc2de\" data-element_type=\"widget\" data-widget_type=\"heading.default\">\n\t\t\t\t\t<span class=\"elementor-heading-title elementor-size-default\">Aktu\u00e1ln\u00ed cena<\/span>\t\t\t\t<\/div>\n\t\t\t\t<\/div>\n\t\t\t\t\t<\/div>\n\t\t\t\t<\/div>\n\t\t<div class=\"elementor-element elementor-element-eb9efe6 e-con-full e-flex e-con e-parent\" data-id=\"eb9efe6\" data-element_type=\"container\">\n\t\t<div class=\"elementor-element elementor-element-b1fe0bf e-flex e-con-boxed e-con e-child\" data-id=\"b1fe0bf\" data-element_type=\"container\" data-settings=\"{&quot;background_background&quot;:&quot;classic&quot;}\">\n\t\t\t\t\t<div class=\"e-con-inner\">\n\t\t<div class=\"elementor-element elementor-element-feefa74 e-con-full e-flex e-con e-child\" data-id=\"feefa74\" data-element_type=\"container\">\n\t\t<div class=\"elementor-element elementor-element-d0f3533 e-con-full e-flex e-con e-child\" data-id=\"d0f3533\" data-element_type=\"container\">\n\t\t<div class=\"elementor-element elementor-element-d4d97df e-con-full e-flex e-con e-child\" data-id=\"d4d97df\" data-element_type=\"container\">\n\t\t\t\t<div class=\"elementor-element elementor-element-a03fbf4 elementor-widget-tablet__width-inherit elementor-widget elementor-widget-text-editor\" data-id=\"a03fbf4\" data-element_type=\"widget\" data-widget_type=\"text-editor.default\">\n\t\t\t\t\t\t\t\t\t<div class=\"shp-tabs-wrapper p-detail-tabs-wrapper\"><div class=\"row\"><div class=\"col-sm-12 \"><div id=\"tab-content\" class=\"tab-content\"><div id=\"description\" class=\"tab-pane fade in active\" role=\"tabpanel\"><div class=\"description-inner\"><div class=\"basic-description\"><h4>Pro\u010d zvolit d\u0159ev\u011bn\u00e9 pelety Envitech Special?<\/h4><ul><li>n\u00edzk\u00e1 popelnatost\u00a00,49 % p\u0159i vlhkosti 6,74 %<\/li><li>vynikaj\u00edc\u00ed hodnota v\u00fdh\u0159evnosti\u00a017,74 MJ.kg-1<\/li><li>bez p\u0159id\u00e1n\u00ed chemick\u00fdch pojiv<\/li><li>nesni\u017euj\u00ed \u017eivotnost kotle<\/li><li>bezkonkuren\u010dn\u00ed cena<\/li><\/ul><p>Pelety pou\u017e\u00edvejte v\u017edy v souladu s n\u00e1vodem k obsluze konkr\u00e9tn\u00edho za\u0159\u00edzen\u00ed (kamna, automatick\u00fd kotel). T\u00edm zaru\u010d\u00edte, \u017ee bude Va\u0161e za\u0159\u00edzen\u00ed pracovat optim\u00e1ln\u011b a bez zat\u011b\u017eov\u00e1n\u00ed \u017eivotn\u00edho prost\u0159ed\u00ed \u0161kodliv\u00fdmi emisemi.<\/p><div><h4>Jak skladovat d\u0159ev\u011bn\u00e9 pelety?<\/h4><div><div>Pelety chra\u0148te p\u0159ed p\u0159\u00edm\u00fdm kontaktem s vodou. Atmosf\u00e9rick\u00e1 vlhkost nem\u00e1 vliv na kvalitu a vlastnosti pelet.<\/div><\/div><\/div><\/div><\/div><\/div><\/div><\/div><\/div><\/div>\t\t\t\t\t\t\t\t<\/div>\n\t\t\t\t<\/div>\n\t\t\t\t<\/div>\n\t\t\t\t<\/div>\n\t\t\t\t\t<\/div>\n\t\t\t\t<\/div>\n\t\t\t\t<\/div>\n\t\t\t\t<\/div>\n\t\t","protected":false},"excerpt":{"rendered":"<p>Pelety &#8211; ENVITECH A1 Special Pelety Special vyr\u00e1b\u00edme v\u00fdhradn\u011b\u00a0z chemicky neo\u0161et\u0159en\u00fdch zbytk\u016f d\u0159eva\u00a0a nep\u0159id\u00e1v\u00e1me\u00a0\u017e\u00e1dn\u00e1 chemick\u00e1 pojiva, a proto je mo\u017en\u00e9 popel t\u011bchto pelet pou\u017e\u00edt jako p\u0159\u00edrodn\u00ed hnojivo. Z\u00e1kazn\u00edky \u010dasto sledovan\u00fdm parametrem\u00a0barva pelet. My \u0159\u00edk\u00e1me, \u017ee kvalita pelet nez\u00e1vis\u00ed na jejich barv\u011b. Barva b\u00fdv\u00e1 ovlivn\u011bna druhem, st\u00e1\u0159\u00edm vstupn\u00edho materi\u00e1lu a zp\u016fsobem jej\u00edho su\u0161en\u00ed (tepl\u00fd vzduch, kou\u0159)&#8230;.<\/p>\n","protected":false},"author":2,"featured_media":0,"parent":0,"menu_order":0,"comment_status":"closed","ping_status":"closed","template":"","meta":{"footnotes":""},"class_list":["post-987975","page","type-page","status-publish","hentry"],"yoast_head":"<!-- This site is optimized with the Yoast SEO plugin v25.6 - https:\/\/yoast.com\/wordpress\/plugins\/seo\/ -->\n<title>Pelety - ENVITECH A1 Special - Pelety \u0160umperk<\/title>\n<meta name=\"robots\" content=\"index, follow, max-snippet:-1, max-image-preview:large, max-video-preview:-1\" \/>\n<link rel=\"canonical\" href=\"https:\/\/peletysumperk.cz\/?page_id=987975\" \/>\n<meta property=\"og:locale\" content=\"cs_CZ\" \/>\n<meta property=\"og:type\" content=\"article\" \/>\n<meta property=\"og:title\" content=\"Pelety - ENVITECH A1 Special - Pelety \u0160umperk\" \/>\n<meta property=\"og:description\" content=\"Pelety &#8211; ENVITECH A1 Special Pelety Special vyr\u00e1b\u00edme v\u00fdhradn\u011b\u00a0z chemicky neo\u0161et\u0159en\u00fdch zbytk\u016f d\u0159eva\u00a0a nep\u0159id\u00e1v\u00e1me\u00a0\u017e\u00e1dn\u00e1 chemick\u00e1 pojiva, a proto je mo\u017en\u00e9 popel t\u011bchto pelet pou\u017e\u00edt jako p\u0159\u00edrodn\u00ed hnojivo. Z\u00e1kazn\u00edky \u010dasto sledovan\u00fdm parametrem\u00a0barva pelet. My \u0159\u00edk\u00e1me, \u017ee kvalita pelet nez\u00e1vis\u00ed na jejich barv\u011b. Barva b\u00fdv\u00e1 ovlivn\u011bna druhem, st\u00e1\u0159\u00edm vstupn\u00edho materi\u00e1lu a zp\u016fsobem jej\u00edho su\u0161en\u00ed (tepl\u00fd vzduch, kou\u0159)....\" \/>\n<meta property=\"og:url\" content=\"https:\/\/peletysumperk.cz\/?page_id=987975\" \/>\n<meta property=\"og:site_name\" content=\"Pelety \u0160umperk\" \/>\n<meta property=\"article:modified_time\" content=\"2025-12-06T13:48:37+00:00\" \/>\n<meta property=\"og:image\" content=\"https:\/\/peletysumperk.cz\/wp-content\/uploads\/2025\/12\/pelety_envitechspecial.jpg\" \/>\n\t<meta property=\"og:image:width\" content=\"960\" \/>\n\t<meta property=\"og:image:height\" content=\"1280\" \/>\n\t<meta property=\"og:image:type\" content=\"image\/jpeg\" \/>\n<meta name=\"twitter:card\" content=\"summary_large_image\" \/>\n<meta name=\"twitter:label1\" content=\"Odhadovan\u00e1 doba \u010dten\u00ed\" \/>\n\t<meta name=\"twitter:data1\" content=\"1 minuta\" \/>\n<script type=\"application\/ld+json\" class=\"yoast-schema-graph\">{\"@context\":\"https:\/\/schema.org\",\"@graph\":[{\"@type\":\"WebPage\",\"@id\":\"https:\/\/peletysumperk.cz\/?page_id=987975\",\"url\":\"https:\/\/peletysumperk.cz\/?page_id=987975\",\"name\":\"Pelety - ENVITECH A1 Special - Pelety \u0160umperk\",\"isPartOf\":{\"@id\":\"https:\/\/peletysumperk.cz\/#website\"},\"primaryImageOfPage\":{\"@id\":\"https:\/\/peletysumperk.cz\/?page_id=987975#primaryimage\"},\"image\":{\"@id\":\"https:\/\/peletysumperk.cz\/?page_id=987975#primaryimage\"},\"thumbnailUrl\":\"https:\/\/peletysumperk.cz\/wp-content\/uploads\/2025\/12\/pelety_envitechspecial-768x1024.jpg\",\"datePublished\":\"2025-10-11T09:18:13+00:00\",\"dateModified\":\"2025-12-06T13:48:37+00:00\",\"breadcrumb\":{\"@id\":\"https:\/\/peletysumperk.cz\/?page_id=987975#breadcrumb\"},\"inLanguage\":\"cs\",\"potentialAction\":[{\"@type\":\"ReadAction\",\"target\":[\"https:\/\/peletysumperk.cz\/?page_id=987975\"]}]},{\"@type\":\"ImageObject\",\"inLanguage\":\"cs\",\"@id\":\"https:\/\/peletysumperk.cz\/?page_id=987975#primaryimage\",\"url\":\"https:\/\/peletysumperk.cz\/wp-content\/uploads\/2025\/12\/pelety_envitechspecial.jpg\",\"contentUrl\":\"https:\/\/peletysumperk.cz\/wp-content\/uploads\/2025\/12\/pelety_envitechspecial.jpg\",\"width\":960,\"height\":1280},{\"@type\":\"BreadcrumbList\",\"@id\":\"https:\/\/peletysumperk.cz\/?page_id=987975#breadcrumb\",\"itemListElement\":[{\"@type\":\"ListItem\",\"position\":1,\"name\":\"Home\",\"item\":\"https:\/\/peletysumperk.cz\/\"},{\"@type\":\"ListItem\",\"position\":2,\"name\":\"Pelety &#8211; ENVITECH A1 Special\"}]},{\"@type\":\"WebSite\",\"@id\":\"https:\/\/peletysumperk.cz\/#website\",\"url\":\"https:\/\/peletysumperk.cz\/\",\"name\":\"Pelety \u0160umperk\",\"description\":\"Prodej voln\u00fdch i pytlovan\u00fdch d\u0159ev\u011bn\u00fdch pelet. Prodej paliv Hor\u00e1k\",\"publisher\":{\"@id\":\"https:\/\/peletysumperk.cz\/#organization\"},\"potentialAction\":[{\"@type\":\"SearchAction\",\"target\":{\"@type\":\"EntryPoint\",\"urlTemplate\":\"https:\/\/peletysumperk.cz\/?s={search_term_string}\"},\"query-input\":{\"@type\":\"PropertyValueSpecification\",\"valueRequired\":true,\"valueName\":\"search_term_string\"}}],\"inLanguage\":\"cs\"},{\"@type\":\"Organization\",\"@id\":\"https:\/\/peletysumperk.cz\/#organization\",\"name\":\"Pelety \u0160umperk\",\"url\":\"https:\/\/peletysumperk.cz\/\",\"logo\":{\"@type\":\"ImageObject\",\"inLanguage\":\"cs\",\"@id\":\"https:\/\/peletysumperk.cz\/#\/schema\/logo\/image\/\",\"url\":\"https:\/\/peletysumperk.cz\/wp-content\/uploads\/2025\/02\/peletysumperk_logo_1.png\",\"contentUrl\":\"https:\/\/peletysumperk.cz\/wp-content\/uploads\/2025\/02\/peletysumperk_logo_1.png\",\"width\":1080,\"height\":301,\"caption\":\"Pelety \u0160umperk\"},\"image\":{\"@id\":\"https:\/\/peletysumperk.cz\/#\/schema\/logo\/image\/\"}}]}<\/script>\n<!-- \/ Yoast SEO plugin. -->","yoast_head_json":{"title":"Pelety - ENVITECH A1 Special - Pelety \u0160umperk","robots":{"index":"index","follow":"follow","max-snippet":"max-snippet:-1","max-image-preview":"max-image-preview:large","max-video-preview":"max-video-preview:-1"},"canonical":"https:\/\/peletysumperk.cz\/?page_id=987975","og_locale":"cs_CZ","og_type":"article","og_title":"Pelety - ENVITECH A1 Special - Pelety \u0160umperk","og_description":"Pelety &#8211; ENVITECH A1 Special Pelety Special vyr\u00e1b\u00edme v\u00fdhradn\u011b\u00a0z chemicky neo\u0161et\u0159en\u00fdch zbytk\u016f d\u0159eva\u00a0a nep\u0159id\u00e1v\u00e1me\u00a0\u017e\u00e1dn\u00e1 chemick\u00e1 pojiva, a proto je mo\u017en\u00e9 popel t\u011bchto pelet pou\u017e\u00edt jako p\u0159\u00edrodn\u00ed hnojivo. Z\u00e1kazn\u00edky \u010dasto sledovan\u00fdm parametrem\u00a0barva pelet. My \u0159\u00edk\u00e1me, \u017ee kvalita pelet nez\u00e1vis\u00ed na jejich barv\u011b. Barva b\u00fdv\u00e1 ovlivn\u011bna druhem, st\u00e1\u0159\u00edm vstupn\u00edho materi\u00e1lu a zp\u016fsobem jej\u00edho su\u0161en\u00ed (tepl\u00fd vzduch, kou\u0159)....","og_url":"https:\/\/peletysumperk.cz\/?page_id=987975","og_site_name":"Pelety \u0160umperk","article_modified_time":"2025-12-06T13:48:37+00:00","og_image":[{"width":960,"height":1280,"url":"https:\/\/peletysumperk.cz\/wp-content\/uploads\/2025\/12\/pelety_envitechspecial.jpg","type":"image\/jpeg"}],"twitter_card":"summary_large_image","twitter_misc":{"Odhadovan\u00e1 doba \u010dten\u00ed":"1 minuta"},"schema":{"@context":"https:\/\/schema.org","@graph":[{"@type":"WebPage","@id":"https:\/\/peletysumperk.cz\/?page_id=987975","url":"https:\/\/peletysumperk.cz\/?page_id=987975","name":"Pelety - ENVITECH A1 Special - Pelety \u0160umperk","isPartOf":{"@id":"https:\/\/peletysumperk.cz\/#website"},"primaryImageOfPage":{"@id":"https:\/\/peletysumperk.cz\/?page_id=987975#primaryimage"},"image":{"@id":"https:\/\/peletysumperk.cz\/?page_id=987975#primaryimage"},"thumbnailUrl":"https:\/\/peletysumperk.cz\/wp-content\/uploads\/2025\/12\/pelety_envitechspecial-768x1024.jpg","datePublished":"2025-10-11T09:18:13+00:00","dateModified":"2025-12-06T13:48:37+00:00","breadcrumb":{"@id":"https:\/\/peletysumperk.cz\/?page_id=987975#breadcrumb"},"inLanguage":"cs","potentialAction":[{"@type":"ReadAction","target":["https:\/\/peletysumperk.cz\/?page_id=987975"]}]},{"@type":"ImageObject","inLanguage":"cs","@id":"https:\/\/peletysumperk.cz\/?page_id=987975#primaryimage","url":"https:\/\/peletysumperk.cz\/wp-content\/uploads\/2025\/12\/pelety_envitechspecial.jpg","contentUrl":"https:\/\/peletysumperk.cz\/wp-content\/uploads\/2025\/12\/pelety_envitechspecial.jpg","width":960,"height":1280},{"@type":"BreadcrumbList","@id":"https:\/\/peletysumperk.cz\/?page_id=987975#breadcrumb","itemListElement":[{"@type":"ListItem","position":1,"name":"Home","item":"https:\/\/peletysumperk.cz\/"},{"@type":"ListItem","position":2,"name":"Pelety &#8211; ENVITECH A1 Special"}]},{"@type":"WebSite","@id":"https:\/\/peletysumperk.cz\/#website","url":"https:\/\/peletysumperk.cz\/","name":"Pelety \u0160umperk","description":"Prodej voln\u00fdch i pytlovan\u00fdch d\u0159ev\u011bn\u00fdch pelet. Prodej paliv Hor\u00e1k","publisher":{"@id":"https:\/\/peletysumperk.cz\/#organization"},"potentialAction":[{"@type":"SearchAction","target":{"@type":"EntryPoint","urlTemplate":"https:\/\/peletysumperk.cz\/?s={search_term_string}"},"query-input":{"@type":"PropertyValueSpecification","valueRequired":true,"valueName":"search_term_string"}}],"inLanguage":"cs"},{"@type":"Organization","@id":"https:\/\/peletysumperk.cz\/#organization","name":"Pelety \u0160umperk","url":"https:\/\/peletysumperk.cz\/","logo":{"@type":"ImageObject","inLanguage":"cs","@id":"https:\/\/peletysumperk.cz\/#\/schema\/logo\/image\/","url":"https:\/\/peletysumperk.cz\/wp-content\/uploads\/2025\/02\/peletysumperk_logo_1.png","contentUrl":"https:\/\/peletysumperk.cz\/wp-content\/uploads\/2025\/02\/peletysumperk_logo_1.png","width":1080,"height":301,"caption":"Pelety \u0160umperk"},"image":{"@id":"https:\/\/peletysumperk.cz\/#\/schema\/logo\/image\/"}}]}},"_links":{"self":[{"href":"https:\/\/peletysumperk.cz\/index.php?rest_route=\/wp\/v2\/pages\/987975","targetHints":{"allow":["GET"]}}],"collection":[{"href":"https:\/\/peletysumperk.cz\/index.php?rest_route=\/wp\/v2\/pages"}],"about":[{"href":"https:\/\/peletysumperk.cz\/index.php?rest_route=\/wp\/v2\/types\/page"}],"author":[{"embeddable":true,"href":"https:\/\/peletysumperk.cz\/index.php?rest_route=\/wp\/v2\/users\/2"}],"replies":[{"embeddable":true,"href":"https:\/\/peletysumperk.cz\/index.php?rest_route=%2Fwp%2Fv2%2Fcomments&post=987975"}],"version-history":[{"count":29,"href":"https:\/\/peletysumperk.cz\/index.php?rest_route=\/wp\/v2\/pages\/987975\/revisions"}],"predecessor-version":[{"id":988212,"href":"https:\/\/peletysumperk.cz\/index.php?rest_route=\/wp\/v2\/pages\/987975\/revisions\/988212"}],"wp:attachment":[{"href":"https:\/\/peletysumperk.cz\/index.php?rest_route=%2Fwp%2Fv2%2Fmedia&parent=987975"}],"curies":[{"name":"wp","href":"https:\/\/api.w.org\/{rel}","templated":true}]}}